uppose 5*p + 160 = 5*m, -a*m - 12 = 2*p + 52. Let w = p - -51. Is w a composite number?
False
Let l(k) = 5*k**2 + 2*k + 12. Let b(d) = 10*d**2 + 3*d + 23. Let g(f) = 3*b(f) - 5*l(f). Let c be g(-6). Suppose 0 = 3*i + 54 - c. Is i composite?
False
Suppose j = -3*i - 2*j + 15972, -3*i - 4*j = -15973. Is i composite?
False
Suppose -3*q + l + 138373 = -9*l, 3*l - 230543 = -5*q. Is q prime?
False
Let t = 5898 - 9970. Let r = t + 6905. Is r a prime number?
True
Let f(v) = 139*v**2 + 1. Let y(r) = r**3 - 3*r**2 - 5*r + 2. Let i be y(4). Is f(i) composite?
False
Suppose 0 = -2*w - 0*w - 5*j - 37, 0 = -4*w + 2*j - 134. Let o = 222 + w. Is o composite?
False
Let i = 17 + -12. Suppose i*r = 18 + 2. Is r/(-2)*(-191)/2 prime?
True
Let g(y) = -102*y + 10 + 1 - 18. Is g(-4) prime?
True
Let j(v) = -31*v - 26. Let b be j(-13). Suppose 5*p - b = -3*g, p - 551 = -4*g + 4*p. Is g prime?
False
Suppose 5*d - 133071 = -4*s, -119*s + 114*s - 79850 = -3*d. Is d composite?
True
Let r(h) be the third derivative of h**6/24 + h**5/30 - h**4/24 + 13*h**2. Let j be r(1). Suppose 553 = j*x + x. Is x a prime number?
True
Let c be ((-1 - 2) + 97)*(11 - 1). Suppose c + 1923 = 7*q. Is q composite?
False
Is (-3)/(-5) + 71216/40 a prime number?
False
Let k(n) = n**2 + 6*n + 23. Let r be k(-10). Suppose v - 132 = -r. Is v composite?
True
Let z be (-120)/(4 + (-74)/18). Suppose -z = -3*t + 159. Is t a prime number?
False
Let o(q) = q**3 - q**2 + 638. Let u be o(0). Suppose 0 = -4*z + 2*n + u, z - 635 = -3*z + 3*n. Suppose 0*k + k - z = 0. Is k a composite number?
True
Let v be (0 + 0 + 1)*-2. Let a be (-260)/15 - v/(-3). Is (-465)/a - (-1)/6 a composite number?
True
Suppose -d - x = -4884, -3*d + 0*x + 14650 = x. Is d a composite number?
True
Suppose 0 = -9*u + 37180 + 21419. Is u a prime number?
False
Is (1082/4)/(42/420) a prime number?
False
Suppose 0*v + 112 = v. Let u = v - 30. Is u composite?
True
Let y(b) = 6*b + 824. Is y(15) a prime number?
False
Suppose r - 2 - 4 = 0. Suppose -r*q + 508 = -2*q. Is q composite?
False
Suppose -3*d + 3*n = -25488, -4*d + n = -0*d - 33999. Is d a prime number?
True
Let c be 24/8 - (2 + 1). Is (-2)/2 + (178 - c) a composite number?
True
Let q(x) = -2*x + 33. Let t be q(14). Suppose t*r + 943 = 4798. Is r composite?
True
Suppose 0 = 5*k - 6*k + 2. Suppose 0 = k*j + j. Suppose 5*i - 4*u - 269 = j, 2*i - 64 = 3*u + 45. Is i prime?
True
Is (-376 - -383) + 1*-1 + 8263 prime?
True
Suppose 4*r = -r - 2025. Let x = 259 - r. Is (3/4)/(2/x) composite?
True
Let f(c) = -c + 58. Suppose 0 = 2*q - 5*q - 15. Let h = 5 + q. Is f(h) a composite number?
True
Let d = -10 + 8. Let q be (-3 + 2)*(d + 5). Is q - -1 - 315/(-3) a prime number?
True
Let h(k) = 46*k - 3. Let j(r) = -r**3 - 3*r**2 + 8*r - 8. Let d be j(-5). Is h(d) prime?
True
Let i(j) = -13*j**2 - 1. Let o be i(1). Let y = o - -51. Is y a prime number?
True
Let x(j) be the first derivative of -j**3/3 - 3*j**2 - 6*j + 3. Let z be x(-4). Suppose -z*l = -4*l + 298. Is l a composite number?
False
Let r(j) = 2*j**3 + 10*j**2 - 6*j. Let a(l) = -3*l**3 - 10*l**2 + 5*l + 1. Let y(g) = -3*a(g) - 4*r(g). Is y(10) composite?
True
Suppose 178*s - 180*s = -10130. Is s prime?
False
Let b = 178011 + -121748. Is b composite?
False
Let b(k) = -k + 24. Let g be b(-15). Let s = -24 + g. Is s prime?
False
Suppose 32*d - 19*d - 7189 = 0. Is d prime?
False
Let u(l) = l**3 - 4*l**2 + 2*l - 8. Let q be u(6). Suppose 13*v - 12*v - 14 = 4*y, -4*y = v - 54. Suppose 5*j - q - v = 0. Is j a prime number?
False
Let s be (-6)/(-45) + 174/45. Is 63 - (-1)/(3 + (-11)/s) composite?
False
Suppose 0 = 3*n - 10095 - 11154. Suppose 0 = -8*h - h + n. Is h prime?
True
Let y(f) = 1017*f**3 + 4*f - 4*f + 0*f**2 - f + 2*f**2. Let i be y(1). Suppose -4*b + 6*b - i = 0. Is b composite?
False
Suppose -5*f = -f + 12. Let r be f/6*(-256)/(-8). Let x = r + 93. Is x composite?
True
Suppose 3*j + 40 = 5*j. Let r = 22 - j. Suppose 736 = 2*k - r*t, -2*t = 3*k + 2*t - 1097. Is k a prime number?
True
Let n(u) = -6*u**3 + 2*u**2 - 2*u - 1. Let c be 4/1 - (-1)/(-1). Let f be c - 3/6*10. Is n(f) composite?
False
Let v = 7663 + -3872. Is v a prime number?
False
Let b(w) = 15*w**2 + w. Let x be b(-1). Suppose 0 = -3*g - x + 5. Let i = g - -240. Is i composite?
True
Let f(u) = 2*u**3 - 6*u**2 + 2*u - 4. Let y be f(5). Let h = 512 - 327. Let j = h - y. Is j a prime number?
True
Let b(z) = -134*z - 29. Is b(-40) a prime number?
False
Suppose -2*h = d + 1088, h - 3285 = 12*d - 9*d. Let r = -66 - 633. Let f = r - d. Is f a prime number?
False
Is ((-10771)/(-6))/1*(-9 - -15) a prime number?
True
Let c(o) = o**3 + 10*o**2 + 9*o + 2. Let q be c(-9). Suppose 6*l - 212 = q*l. Is l a prime number?
True
Suppose 4*t - 562 = -l + 5*t, -4*l + 2227 = 3*t. Is l a prime number?
False
Suppose 2*n - 2811 = -0*n - 3*m, 20 = 4*m. Suppose 5*v + 4*z + 93 - n = 0, z - 1033 = -4*v. Is v a composite number?
False
Let l(p) = 1163*p**2 - 16*p - 32. Is l(5) a prime number?
False
Let x = 20 - 20. Suppose -q + 4 = x, s + 1455 = 2*s + 4*q. Is s prime?
True
Suppose 0 = -3*t + 12 - 3. Suppose 888 = 5*r + t*c, 7*r - 2*c = 2*r + 883. Is r a composite number?
True
Let t = 1550 - 840. Suppose s - 249 = t. Is s composite?
True
Let w(k) = -k**2 - 3*k + 8. Let o be w(-4). Suppose -192 = -4*d - o*t + 2*t, -2*d + 4*t = -106. Is d prime?
False
Is (6 - 68/12) + 6904/6 a composite number?
False
Let r be ((-2)/3)/((-6)/(-45)). Let x = r + 5. Is (x - -2)*124/8 prime?
True
Let p(t) = 325*t + 1. Let m(o) = 650*o + 3. Let b(r) = -4*m(r) + 9*p(r). Is b(5) a composite number?
True
Let z = 1417 + -538. Is z a composite number?
True
Let r be 24/28*7/2. Suppose 0 = 4*d - 16, -r*d + 26 = 2*l + 2*d. Suppose -2*o + 4*g + 334 = 0, -2*g = -5*o - l*g + 802. Is o prime?
False
Suppose 2*g - 30 = -3*g. Let k(m) = -m**2 + 7*m - 8. Let h be k(g). Let d(j) = -2*j**3 - j**2 + 3. Is d(h) composite?
True
Suppose 33414 = 8*c - 57458. Is c a prime number?
False
Suppose -4*f = -7*f + 2391. Is f a prime number?
True
Let s be (1 - 5)*28/(-16). Suppose -4*u + s = -17. Suppose -u*y = -y + 2*w - 462, 5*w = 5*y - 490. Is y a composite number?
True
Let z be 1 - 2/6 - 14/(-6). Suppose z*l + 7*l = 16390. Is l composite?
True
Suppose -p - 58 - 242 = h, -2*h - 10 = 0. Let b = p - -602. Is b prime?
True
Suppose -3*z = -5*c + 40744, -18*c + 15*c + 2*z + 24447 = 0. Is c a composite number?
False
Suppose n - 2689 + 310 = -3*j, -2*j + 7151 = 3*n. Suppose 3*t - l = n, 2*t = -2*t - 2*l + 3190. Suppose -4*w + 664 = -t. Is w a composite number?
True
Let d = -14 + 20. Suppose 2*t = j - 17, -6*t = -4*j - 8*t + 58. Suppose -725 = -4*i + 3*y, 0 = d*y - 3*y - j. Is i a composite number?
True
Let k(s) = -s**2 + 6*s - 3. Let i be k(5). Suppose 1 = i*b + 11. Let v(f) = -12*f + 2. Is v(b) a prime number?
False
Suppose 99 = -2*b + 4199. Suppose -q = 2*o + o - b, -o - 3*q + 670 = 0. Let r = 1016 - o. Is r a prime number?
True
Suppose -3*x = 4*z + 2*x - 903, 2*z + 4*x - 456 = 0. Let k = 92 - z. Let j = 324 + k. Is j prime?
False
Let h be 390/(-25) - 6/15. Let v = 7 + h. Is -1 - (4 + 2*v) a composite number?
False
Let v = 157 - 92. Suppose -2*w = 4*k - 46, 5*k + 3*w = 8*w + v. Suppose -15*j + 273 = -k*j. Is j a prime number?
False
Let h(i) = -i**3 + i**2 + 14*i + 11. Let q(b) = b**3 - 2*b**2 - 14*b - 11. Let v(z) = 4*h(z) + 3*q(z). Let l be v(-11). Is l/8 + (-2)/8 a composite number?
True
Suppose 0*g - 3*g + 17619 = 0. Let l = g - 3016. Is l prime?
True
Is 0 + (-2)/(-3) + 9239875/579 a prime number?
True
Let g = 15 - 9. Suppose g*j = 2*j + 4. Is -1 + j + 90 + -4 a composite number?
True
Let b(z) = 15*z**2 + z - 1. Let i = -99 - -84. Is b(i) a composite number?
False
Let j = -499 + 2652. Is j composite?
False
Suppose 0*r + 1320 = 5*r. Let s(z) = -215*z - 34. Let u be s(-3). Let t = u - r. Is t prime?
True
Let b(k) = k**3 - 3*k**2 + k - 1. Let w be b(3). Suppose -2*l - 228 = -w*x, 5*l - 366 = -3*x - 64. Is x prime?
True
Suppose -t - 4*m - 2 = 1, 4*t = 2*m + 24. Let r(i) = 22*i**2 - 5*i - 4. Is r(t) a composite number?
False
Let p(w) be the third derivative of 3*w**4 - 19*w**3/6 - w**2. Suppose 4*y + 2 = -2*g + 26, -2*g + y + 14 = 0. Is p(g) a prime number?
True
Let f = 4 - 0. Suppose -f*x - 3*r + 2730 + 1431 = 0, -x - r + 1040 = 0. Is x a composite number?
True
Let